alculate the remainder when 47396387 is divided by 51.
47
What is the remainder when 15421222 is divided by 2570184?
118
Calculate the remainder when 597340 is divided by 742.
30
What is the remainder when 55338067 is divided by 325518?
7
Calculate the remainder when 7182382 is divided by 7182367.
15
What is the remainder when 34798884 is divided by 4?
0
Calculate the remainder when 15293914 is divided by 77.
20
Calculate the remainder when 2026454 is divided by 23.
16
What is the remainder when 25658149 is divided by 120?
109
Calculate the remainder when 16125983 is divided by 17284.
11
Calculate the remainder when 19306934 is divided by 4386.
4148
Calculate the remainder when 61536 is divided by 1029.
825
What is the remainder when 98156544 is divided by 2684?
2664
Calculate the remainder when 79078756 is divided by 7507.
18
Calculate the remainder when 2138708 is divided by 187.
176
What is the remainder when 6375782 is divided by 70842?
2
What is the remainder when 23932951 is divided by 23932909?
42
Calculate the remainder when 2689669 is divided by 1810.
9
What is the remainder when 145688 is divided by 18194?
136
What is the remainder when 4314343 is divided by 4314339?
4
Calculate the remainder when 207610 is divided by 7495.
5245
Calculate the remainder when 14523554 is divided by 18361.
3
Calculate the remainder when 12746529 is divided by 17.
14
Calculate the remainder when 134362255 is divided by 10980.
10975
What is the remainder when 118919224 is divided by 5?
4
What is the remainder when 41139 is divided by 4269?
2718
What is the remainder when 2392588 is divided by 8732?
20
Calculate the remainder when 28699 is divided by 4549.
1405
Calculate the remainder when 8199534 is divided by 227764.
30
Calculate the remainder when 164540 is divided by 81464.
1612
Calculate the remainder when 6518132 is divided by 95.
87
What is the remainder when 147487 is divided by 8?
7
What is the remainder when 282880638 is divided by 140?
138
Calculate the remainder when 2272633 is divided by 625.
133
Calculate the remainder when 690942 is divided by 638.
626
What is the remainder when 177510 is divided by 88751?
8
What is the remainder when 4165758 is divided by 31321?
65
What is the remainder when 328473 is divided by 5?
3
What is the remainder when 246034 is divided by 6853?
6179
Calculate the remainder when 8362529 is divided by 69.
5
Calculate the remainder when 627757 is divided by 17085.
12697
Calculate the remainder when 338564 is divided by 169282.
0
What is the remainder when 42923283 is divided by 4292328?
3
What is the remainder when 106518 is divided by 1937?
1920
What is the remainder when 43025 is divided by 14263?
236
What is the remainder when 45002 is divided by 7497?
20
Calculate the remainder when 51764454 is divided by 95.
94
Calculate the remainder when 4574264 is divided by 349.
270
Calculate the remainder when 288564 is divided by 83.
56
Calculate the remainder when 1332205 is divided by 582.
7
What is the remainder when 112365 is divided by 12481?
36
What is the remainder when 892198 is divided by 148?
54
What is the remainder when 1873071 is divided by 2052?
1647
What is the remainder when 664137 is divided by 117?
45
What is the remainder when 2832156 is divided by 1101?
384
What is the remainder when 69437596 is divided by 1825?
1821
Calculate the remainder when 44281014 is divided by 148594.
2
Calculate the remainder when 50034035 is divided by 70.
65
Calculate the remainder when 2600458 is divided by 5883.
172
What is the remainder when 212809 is divided by 52949?
1013
What is the remainder when 163877 is divided by 1076?
325
Calculate the remainder when 14718197 is divided by 81.
11
Calculate the remainder when 415318778 is divided by 103829693.
6
What is the remainder when 85731246 is divided by 131?
130
Calculate the remainder when 15383023 is divided by 415757.
14
Calculate the remainder when 21389399 is divided by 4277870.
49
Calculate the remainder when 196991 is divided by 101.
41
What is the remainder when 3502022 is divided by 619?
339
What is the remainder when 7884638 is divided by 3909?
185
Calculate the remainder when 77549391 is divided by 1901.
1898
Calculate the remainder when 119987 is divided by 5461.
5306
What is the remainder when 4866271 is divided by 169?
85
What is the remainder when 119538925 is divided by 155044?
1
What is the remainder when 1817213 is divided by 106892?
49
Calculate the remainder when 84668 is divided by 217.
38
What is the remainder when 49908 is divided by 5857?
3052
Calculate the remainder when 42215 is divided by 568.
183
What is the remainder when 2107162 is divided by 234129?
1
Calculate the remainder when 174928956 is divided by 547.
544
Calculate the remainder when 843548 is divided by 139.
96
What is the remainder when 790927 is divided by 749?
732
What is the remainder when 16650496 is divided by 5550160?
16
What is the remainder when 332083 is divided by 163574?
4935
Calculate the remainder when 133252 is divided by 2807.
1323
What is the remainder when 61269716 is divided by 141?
140
Calculate the remainder when 867455 is divided by 123849.
512
Calculate the remainder when 1444254 is divided by 28877.
404
What is the remainder when 9815807 is divided by 97186?
21
What is the remainder when 331974666 is divided by 386?
384
What is the remainder when 1032251 is divided by 190?
171
Calculate the remainder when 6684661 is divided by 2690.
11
What is the remainder when 454617 is divided by 147?
93
What is the remainder when 30386161 is divided by 2924?
2877
Calculate the remainder when 4356408 is divided by 2178174.
60
Calculate the remainder when 2537212 is divided by 494.
28
Calculate the remainder when 70248439 is divided by 2633.
2632
What is the remainder when 37683 is divided by 1641?
1581
Calculate the remainder when 142644 is divided by 1890.
894
What is the remainder when 1609421 is divided by 1391?
34
Calculate the remainder when 770262 is divided by 38510.
62
Calculate the remainder when 245590 is divided by 1137.
1135
What is the remainder when 168375 is divided by 33670?
25
What is the remainder when 113167 is divided by 12567?
64
What is the remainder when 5362691 is divided by 11265?
551
What is the remainder when 1686187 is divided by 178?
171
Calculate the remainder when 1324900 is divided by 88304.
340
Calculate the remainder when 223761 is divided by 455.
356
What is the remainder when 2754115 is divided by 1543?
1403
Calculate the remainder when 8036046 is divided by 433.
432
Calculate the remainder when 14215955 is divided by 7107976.
3
Calculate the remainder when 3990876 is divided by 16.
12
Calculate the remainder when 401335946 is divided by 1268.
1266
What is the remainder when 27295372 is divided by 35?
27
What is the remainder when 577073 is divided by 64084?
317
What is the remainder when 139475 is divided by 2055?
1790
What is the remainder when 3144338 is divided by 785954?
522
What is the remainder when 248008 is divided by 35420?
68
Calculate the remainder when 103299 is divided by 10.
9
What is the remainder when 5915532 is divided by 12944?
124
Calculate the remainder when 32260759 is divided by 61.
55
What is the remainder when 118505 is divided by 23688?
65
What is the remainder when 342894 is divided by 114210?
264
What is the remainder when 582177020 is divided by 2574?
2570
Calculate the remainder when 64217 is divided by 32053.
111
What is the remainder when 366904 is divided by 61103?
286
What is the remainder when 103343469 is divided by 11?
9
What is the remainder when 1684017 is divided by 35830?
7
Calculate the remainder when 58946697 is divided by 1416.
33
Calculate the remainder when 55397 is divided by 18415.
152
What is the remainder when 850191 is divided by 969?
378
What is the remainder when 22186 is divided by 21549?
637
What is the remainder when 289714065 is divided by 204?
201
Calculate the remainder when 4583838 is divided by 93546.
84
Calculate the remainder when 1193422 is divided by 238193.
2457
What is the remainder when 65661 is divided by 65?
11
What is the remainder when 47547998 is divided by 15849327?
17
What is the remainder when 119296 is divided by 59109?
1078
Calculate the remainder when 1784409